{"id":742,"date":"2019-07-19T16:02:03","date_gmt":"2019-07-19T15:02:03","guid":{"rendered":"https:\/\/voltiteam-herrenkrug.de\/?page_id=742"},"modified":"2025-04-09T13:19:34","modified_gmt":"2025-04-09T12:19:34","slug":"projekte","status":"publish","type":"page","link":"https:\/\/voltiteam-herrenkrug.de\/?page_id=742","title":{"rendered":"Projekt Miniwald"},"content":{"rendered":"\n<p class=\"has-text-align-center\">Dank der F\u00f6rderung von LOTTO Sachsen-Anhalt mit 5.050\u20ac konnten wir am 03.04.2025 auf einem 200m\u00b2 gro\u00dfen Areal auf dem Paddock unserer Vereinspferde einen Miniwald anlegen. Unterst\u00fctzt und fachlich beraten wurden wir dabei vom Landesverband der Schutzgemeinschaft Deutscher Wald e.V. <\/p>\n\n\n\n<p class=\"has-text-align-center\">Der Miniwald soll in wenigen Jahren als Schattenspender f\u00fcr unsere Pferde im Sommer dienen, f\u00fcr sauberere Luft sorgen und auch ein neues Zuhause f\u00fcr Kleinstlebewesen sein.<br>Hier geht es zum ganzen Artikel zum <a href=\"https:\/\/www.lottosachsenanhalt.de\/lotto-foerdert\/aktuelles\/lottofoerdertdetail_11998?gbn=11\" target=\"_blank\" rel=\"noreferrer noopener\">Projekt Miniwald <\/a><\/p>\n\n\n\n<p class=\"has-text-align-center\">Wir danken <a href=\"https:\/\/www.lottosachsenanhalt.de\/?etcc_cmp=search-lotto_Sachsen-Anhalt&amp;etcc_grp=allgemein&amp;etcc_med=SEA&amp;etcc_par=Google&amp;etcc_bky=%2Blotto%20%2Bsachsen-anhalt&amp;etcc_mty=b&amp;etcc_plc=&amp;etcc_ctv=350573087407&amp;etcc_bde=c&amp;etcc_var=CjwKCAjwzMi_BhACEiwAX4YZUJ430zv0C4wbn5irJk0g6j135Y0__ueoKv0oIbT3wMzj_N0aqR2PvxoCwuAQAvD_BwE&amp;gad_source=1&amp;gclid=CjwKCAjwzMi_BhACEiwAX4YZUJ430zv0C4wbn5irJk0g6j135Y0__ueoKv0oIbT3wMzj_N0aqR2PvxoCwuAQAvD_BwE\" target=\"_blank\" rel=\"noreferrer noopener\"><strong>LOTTO Sachsen-Anhalt<\/strong> <\/a>f\u00fcr die F\u00f6rderung des Projektes sowie allen flei\u00dfigen Helfern und Helferinnen vor Ort.<\/p>\n\n\n\n<p class=\"has-text-align-center\">Auch die Volksstimme war vor Ort und berichtet in einem Artikel \u00fcber den Pflanztag.<br> <a href=\"https:\/\/www.volksstimme.de\/lokal\/magdeburg\/klima-tierwohl-pferde-reitclub-herrenkrug-miniwald-4029917#:~:text=Dass%20dieses%20Projekt%20%C3%BCberhaupt%20entstehen,Miniw%C3%A4lder%20f%C3%BCr%20rund%20150.000%20Euro.\" target=\"_blank\" rel=\"noreferrer noopener\">Volksstimme-Artikel<\/a><\/p>\n\n\n\n<p><\/p>\n\n\n\n<figure class=\"wp-block-gallery has-nested-images columns-default is-cropped wp-block-gallery-1 is-layout-flex wp-block-gallery-is-layout-flex\">\n<figure class=\"wp-block-image size-large\"><img loading=\"lazy\" decoding=\"async\" width=\"768\" height=\"1024\" data-id=\"1407\" src=\"https:\/\/voltiteam-herrenkrug.de\/wp-content\/uploads\/2025\/04\/IMG-20250328-WA0005-768x1024.jpg\" alt=\"\" class=\"wp-image-1407\" srcset=\"https:\/\/voltiteam-herrenkrug.de\/wp-content\/uploads\/2025\/04\/IMG-20250328-WA0005-768x1024.jpg 768w, https:\/\/voltiteam-herrenkrug.de\/wp-content\/uploads\/2025\/04\/IMG-20250328-WA0005-225x300.jpg 225w, https:\/\/voltiteam-herrenkrug.de\/wp-content\/uploads\/2025\/04\/IMG-20250328-WA0005-1152x1536.jpg 1152w, https:\/\/voltiteam-herrenkrug.de\/wp-content\/uploads\/2025\/04\/IMG-20250328-WA0005.jpg 1512w\" sizes=\"auto, (max-width: 767px) 89vw, (max-width: 1000px) 54vw, (max-width: 1071px) 543px, 580px\" \/><\/figure>\n\n\n\n<figure class=\"wp-block-image size-large\"><img loading=\"lazy\" decoding=\"async\" width=\"1024\" height=\"768\" data-id=\"1408\" src=\"https:\/\/voltiteam-herrenkrug.de\/wp-content\/uploads\/2025\/04\/IMG-20250328-WA0007-1024x768.jpg\" alt=\"\" class=\"wp-image-1408\" srcset=\"https:\/\/voltiteam-herrenkrug.de\/wp-content\/uploads\/2025\/04\/IMG-20250328-WA0007-1024x768.jpg 1024w, https:\/\/voltiteam-herrenkrug.de\/wp-content\/uploads\/2025\/04\/IMG-20250328-WA0007-300x225.jpg 300w, https:\/\/voltiteam-herrenkrug.de\/wp-content\/uploads\/2025\/04\/IMG-20250328-WA0007-768x576.jpg 768w, https:\/\/voltiteam-herrenkrug.de\/wp-content\/uploads\/2025\/04\/IMG-20250328-WA0007-1536x1152.jpg 1536w, https:\/\/voltiteam-herrenkrug.de\/wp-content\/uploads\/2025\/04\/IMG-20250328-WA0007.jpg 2016w\" sizes=\"auto, (max-width: 767px) 89vw, (max-width: 1000px) 54vw, (max-width: 1071px) 543px, 580px\" \/><\/figure>\n\n\n\n<figure class=\"wp-block-image size-large\"><img loading=\"lazy\" decoding=\"async\" width=\"768\" height=\"1024\" data-id=\"1405\" src=\"https:\/\/voltiteam-herrenkrug.de\/wp-content\/uploads\/2025\/04\/IMG-20250403-WA0011-768x1024.jpg\" alt=\"\" class=\"wp-image-1405\" srcset=\"https:\/\/voltiteam-herrenkrug.de\/wp-content\/uploads\/2025\/04\/IMG-20250403-WA0011-768x1024.jpg 768w, https:\/\/voltiteam-herrenkrug.de\/wp-content\/uploads\/2025\/04\/IMG-20250403-WA0011-225x300.jpg 225w, https:\/\/voltiteam-herrenkrug.de\/wp-content\/uploads\/2025\/04\/IMG-20250403-WA0011-1152x1536.jpg 1152w, https:\/\/voltiteam-herrenkrug.de\/wp-content\/uploads\/2025\/04\/IMG-20250403-WA0011.jpg 1512w\" sizes=\"auto, (max-width: 767px) 89vw, (max-width: 1000px) 54vw, (max-width: 1071px) 543px, 580px\" \/><\/figure>\n\n\n\n<figure class=\"wp-block-image size-large\"><img loading=\"lazy\" decoding=\"async\" width=\"1024\" height=\"768\" data-id=\"1410\" src=\"https:\/\/voltiteam-herrenkrug.de\/wp-content\/uploads\/2025\/04\/20250403_170743-1024x768.jpg\" alt=\"\" class=\"wp-image-1410\" srcset=\"https:\/\/voltiteam-herrenkrug.de\/wp-content\/uploads\/2025\/04\/20250403_170743-1024x768.jpg 1024w, https:\/\/voltiteam-herrenkrug.de\/wp-content\/uploads\/2025\/04\/20250403_170743-300x225.jpg 300w, https:\/\/voltiteam-herrenkrug.de\/wp-content\/uploads\/2025\/04\/20250403_170743-768x576.jpg 768w, https:\/\/voltiteam-herrenkrug.de\/wp-content\/uploads\/2025\/04\/20250403_170743-1536x1152.jpg 1536w, https:\/\/voltiteam-herrenkrug.de\/wp-content\/uploads\/2025\/04\/20250403_170743-2048x1536.jpg 2048w\" sizes=\"auto, (max-width: 767px) 89vw, (max-width: 1000px) 54vw, (max-width: 1071px) 543px, 580px\" \/><\/figure>\n\n\n\n<figure class=\"wp-block-image size-large\"><img loading=\"lazy\" decoding=\"async\" width=\"1024\" height=\"768\" data-id=\"1409\" src=\"https:\/\/voltiteam-herrenkrug.de\/wp-content\/uploads\/2025\/04\/IMG-20250403-WA0018-1024x768.jpg\" alt=\"\" class=\"wp-image-1409\" srcset=\"https:\/\/voltiteam-herrenkrug.de\/wp-content\/uploads\/2025\/04\/IMG-20250403-WA0018-1024x768.jpg 1024w, https:\/\/voltiteam-herrenkrug.de\/wp-content\/uploads\/2025\/04\/IMG-20250403-WA0018-300x225.jpg 300w, https:\/\/voltiteam-herrenkrug.de\/wp-content\/uploads\/2025\/04\/IMG-20250403-WA0018-768x576.jpg 768w, https:\/\/voltiteam-herrenkrug.de\/wp-content\/uploads\/2025\/04\/IMG-20250403-WA0018-1536x1152.jpg 1536w, https:\/\/voltiteam-herrenkrug.de\/wp-content\/uploads\/2025\/04\/IMG-20250403-WA0018.jpg 2016w\" sizes=\"auto, (max-width: 767px) 89vw, (max-width: 1000px) 54vw, (max-width: 1071px) 543px, 580px\" \/><\/figure>\n\n\n\n<figure class=\"wp-block-image size-large\"><img loading=\"lazy\" decoding=\"async\" width=\"768\" height=\"1024\" data-id=\"1411\" src=\"https:\/\/voltiteam-herrenkrug.de\/wp-content\/uploads\/2025\/04\/20250403_171411-768x1024.jpg\" alt=\"\" class=\"wp-image-1411\" srcset=\"https:\/\/voltiteam-herrenkrug.de\/wp-content\/uploads\/2025\/04\/20250403_171411-768x1024.jpg 768w, https:\/\/voltiteam-herrenkrug.de\/wp-content\/uploads\/2025\/04\/20250403_171411-225x300.jpg 225w, https:\/\/voltiteam-herrenkrug.de\/wp-content\/uploads\/2025\/04\/20250403_171411-1152x1536.jpg 1152w, https:\/\/voltiteam-herrenkrug.de\/wp-content\/uploads\/2025\/04\/20250403_171411-1536x2048.jpg 1536w, https:\/\/voltiteam-herrenkrug.de\/wp-content\/uploads\/2025\/04\/20250403_171411-scaled.jpg 1920w\" sizes=\"auto, (max-width: 767px) 89vw, (max-width: 1000px) 54vw, (max-width: 1071px) 543px, 580px\" \/><\/figure>\n\n\n\n<figure class=\"wp-block-image size-large\"><img loading=\"lazy\" decoding=\"async\" width=\"768\" height=\"1024\" data-id=\"1406\" src=\"https:\/\/voltiteam-herrenkrug.de\/wp-content\/uploads\/2025\/04\/IMG-20250403-WA0008-768x1024.jpg\" alt=\"\" class=\"wp-image-1406\" srcset=\"https:\/\/voltiteam-herrenkrug.de\/wp-content\/uploads\/2025\/04\/IMG-20250403-WA0008-768x1024.jpg 768w, https:\/\/voltiteam-herrenkrug.de\/wp-content\/uploads\/2025\/04\/IMG-20250403-WA0008-225x300.jpg 225w, https:\/\/voltiteam-herrenkrug.de\/wp-content\/uploads\/2025\/04\/IMG-20250403-WA0008-1152x1536.jpg 1152w, https:\/\/voltiteam-herrenkrug.de\/wp-content\/uploads\/2025\/04\/IMG-20250403-WA0008.jpg 1512w\" sizes=\"auto, (max-width: 767px) 89vw, (max-width: 1000px) 54vw, (max-width: 1071px) 543px, 580px\" \/><\/figure>\n\n\n\n<figure class=\"wp-block-image size-large\"><img loading=\"lazy\" decoding=\"async\" width=\"1024\" height=\"768\" data-id=\"1404\" src=\"https:\/\/voltiteam-herrenkrug.de\/wp-content\/uploads\/2025\/04\/IMG-20250403-WA0014-1024x768.jpg\" alt=\"\" class=\"wp-image-1404\" srcset=\"https:\/\/voltiteam-herrenkrug.de\/wp-content\/uploads\/2025\/04\/IMG-20250403-WA0014-1024x768.jpg 1024w, https:\/\/voltiteam-herrenkrug.de\/wp-content\/uploads\/2025\/04\/IMG-20250403-WA0014-300x225.jpg 300w, https:\/\/voltiteam-herrenkrug.de\/wp-content\/uploads\/2025\/04\/IMG-20250403-WA0014-768x576.jpg 768w, https:\/\/voltiteam-herrenkrug.de\/wp-content\/uploads\/2025\/04\/IMG-20250403-WA0014-1536x1152.jpg 1536w, https:\/\/voltiteam-herrenkrug.de\/wp-content\/uploads\/2025\/04\/IMG-20250403-WA0014.jpg 2016w\" sizes=\"auto, (max-width: 767px) 89vw, (max-width: 1000px) 54vw, (max-width: 1071px) 543px, 580px\" \/><\/figure>\n\n\n\n<figure class=\"wp-block-image size-large\"><img loading=\"lazy\" decoding=\"async\" width=\"768\" height=\"1024\" data-id=\"1403\" src=\"https:\/\/voltiteam-herrenkrug.de\/wp-content\/uploads\/2025\/04\/IMG-20250403-WA0009-768x1024.jpg\" alt=\"\" class=\"wp-image-1403\" srcset=\"https:\/\/voltiteam-herrenkrug.de\/wp-content\/uploads\/2025\/04\/IMG-20250403-WA0009-768x1024.jpg 768w, https:\/\/voltiteam-herrenkrug.de\/wp-content\/uploads\/2025\/04\/IMG-20250403-WA0009-225x300.jpg 225w, https:\/\/voltiteam-herrenkrug.de\/wp-content\/uploads\/2025\/04\/IMG-20250403-WA0009-1152x1536.jpg 1152w, https:\/\/voltiteam-herrenkrug.de\/wp-content\/uploads\/2025\/04\/IMG-20250403-WA0009.jpg 1512w\" sizes=\"auto, (max-width: 767px) 89vw, (max-width: 1000px) 54vw, (max-width: 1071px) 543px, 580px\" \/><\/figure>\n<\/figure>\n\n\n\n<figure class=\"wp-block-gallery has-nested-images columns-default is-cropped wp-block-gallery-2 is-layout-flex wp-block-gallery-is-layout-flex\">\n<figure class=\"wp-block-image size-large\"><img loading=\"lazy\" decoding=\"async\" width=\"768\" height=\"1024\" data-id=\"1420\" src=\"https:\/\/voltiteam-herrenkrug.de\/wp-content\/uploads\/2025\/04\/20250406_170315-1-768x1024.jpg\" alt=\"\" class=\"wp-image-1420\" srcset=\"https:\/\/voltiteam-herrenkrug.de\/wp-content\/uploads\/2025\/04\/20250406_170315-1-768x1024.jpg 768w, https:\/\/voltiteam-herrenkrug.de\/wp-content\/uploads\/2025\/04\/20250406_170315-1-225x300.jpg 225w, https:\/\/voltiteam-herrenkrug.de\/wp-content\/uploads\/2025\/04\/20250406_170315-1-1152x1536.jpg 1152w, https:\/\/voltiteam-herrenkrug.de\/wp-content\/uploads\/2025\/04\/20250406_170315-1-1536x2048.jpg 1536w, https:\/\/voltiteam-herrenkrug.de\/wp-content\/uploads\/2025\/04\/20250406_170315-1-scaled.jpg 1920w\" sizes=\"auto, (max-width: 767px) 89vw, (max-width: 1000px) 54vw, (max-width: 1071px) 543px, 580px\" \/><\/figure>\n\n\n\n<figure class=\"wp-block-image size-large\"><img loading=\"lazy\" decoding=\"async\" width=\"768\" height=\"1024\" data-id=\"1421\" src=\"https:\/\/voltiteam-herrenkrug.de\/wp-content\/uploads\/2025\/04\/20250406_170323-1-768x1024.jpg\" alt=\"\" class=\"wp-image-1421\" srcset=\"https:\/\/voltiteam-herrenkrug.de\/wp-content\/uploads\/2025\/04\/20250406_170323-1-768x1024.jpg 768w, https:\/\/voltiteam-herrenkrug.de\/wp-content\/uploads\/2025\/04\/20250406_170323-1-225x300.jpg 225w, https:\/\/voltiteam-herrenkrug.de\/wp-content\/uploads\/2025\/04\/20250406_170323-1-1152x1536.jpg 1152w, https:\/\/voltiteam-herrenkrug.de\/wp-content\/uploads\/2025\/04\/20250406_170323-1-1536x2048.jpg 1536w, https:\/\/voltiteam-herrenkrug.de\/wp-content\/uploads\/2025\/04\/20250406_170323-1-scaled.jpg 1920w\" sizes=\"auto, (max-width: 767px) 89vw, (max-width: 1000px) 54vw, (max-width: 1071px) 543px, 580px\" \/><\/figure>\n<\/figure>\n","protected":false},"excerpt":{"rendered":"<p>Dank der F\u00f6rderung von LOTTO Sachsen-Anhalt mit 5.050\u20ac konnten wir am 03.04.2025 auf einem 200m\u00b2 gro\u00dfen Areal auf dem Paddock unserer Vereinspferde einen Miniwald anlegen. Unterst\u00fctzt und fachlich beraten wurden wir dabei vom Landesverband der Schutzgemeinschaft Deutscher Wald e.V. Der Miniwald soll in wenigen Jahren als Schattenspender f\u00fcr unsere Pferde im Sommer dienen, f\u00fcr sauberere &hellip; <\/p>\n<p class=\"link-more\"><a href=\"https:\/\/voltiteam-herrenkrug.de\/?page_id=742\" class=\"more-link\"><span class=\"screen-reader-text\">\u201eProjekt Miniwald\u201c <\/span>weiterlesen<\/a><\/p>\n","protected":false},"author":1,"featured_media":0,"parent":0,"menu_order":0,"comment_status":"closed","ping_status":"closed","template":"","meta":{"footnotes":""},"class_list":["post-742","page","type-page","status-publish","hentry","gallery-content-unit"],"_links":{"self":[{"href":"https:\/\/voltiteam-herrenkrug.de\/index.php?rest_route=\/wp\/v2\/pages\/742","targetHints":{"allow":["GET"]}}],"collection":[{"href":"https:\/\/voltiteam-herrenkrug.de\/index.php?rest_route=\/wp\/v2\/pages"}],"about":[{"href":"https:\/\/voltiteam-herrenkrug.de\/index.php?rest_route=\/wp\/v2\/types\/page"}],"author":[{"embeddable":true,"href":"https:\/\/voltiteam-herrenkrug.de\/index.php?rest_route=\/wp\/v2\/users\/1"}],"replies":[{"embeddable":true,"href":"https:\/\/voltiteam-herrenkrug.de\/index.php?rest_route=%2Fwp%2Fv2%2Fcomments&post=742"}],"version-history":[{"count":21,"href":"https:\/\/voltiteam-herrenkrug.de\/index.php?rest_route=\/wp\/v2\/pages\/742\/revisions"}],"predecessor-version":[{"id":1427,"href":"https:\/\/voltiteam-herrenkrug.de\/index.php?rest_route=\/wp\/v2\/pages\/742\/revisions\/1427"}],"wp:attachment":[{"href":"https:\/\/voltiteam-herrenkrug.de\/index.php?rest_route=%2Fwp%2Fv2%2Fmedia&parent=742"}],"curies":[{"name":"wp","href":"https:\/\/api.w.org\/{rel}","templated":true}]}}